{"id":24519,"date":"2021-01-16T01:26:25","date_gmt":"2021-01-16T00:26:25","guid":{"rendered":"https:\/\/www.pferdeklinik-muenchen.de\/anfrage-zeitraum\/?page_id=24519"},"modified":"2026-04-13T20:07:44","modified_gmt":"2026-04-13T18:07:44","slug":"famulanten-praktikanten-m-w-d","status":"publish","type":"page","link":"https:\/\/www.pferdeklinik-muenchen.de\/anfrage-zeitraum\/famulanten-praktikanten-m-w-d\/","title":{"rendered":"Famulanten, Praktikanten (m\/w\/d)"},"content":{"rendered":"<p>[vc_row][vc_column width=&#8220;1\/2&#8243;][vc_column_text]\u201eAm meisten lernt man direkt am Tier\u201c\u00a0\u2013 diesen Satz hat vermutlich jeder von uns schon im Studium geh\u00f6rt. Und genau darin liegt so viel Wahrheit: Theorie ist wichtig, aber echte Erfahrung entsteht vor allem dort, wo man aktiv mitarbeitet, beobachtet, mitdenkt und Verantwortung \u00fcbernimmt.<\/p>\n<p>Warum also nicht schon w\u00e4hrend des Studiums als <strong><u>FamulantIn\u00a0<\/u><\/strong>wertvolle praktische Erfahrung in einer Klinik sammeln\u00a0\u2013 und dabei sogar\u00a0bezahlt werden? Bei uns haben Sie die M\u00f6glichkeit, den Alltag in einer Pferdeklinik aus n\u00e4chster N\u00e4he kennenzulernen,\u00a0spannende und abwechslungsreiche F\u00e4lle hautnah mitzuerleben\u00a0und einen realistischen Einblick in das Berufsleben eines Pferdetierarztes zu gewinnen.<\/p>\n<p>Nach einer intensiven Einarbeitungsphase unterst\u00fctzen Sie unser Team im Klinikalltag und \u00fcbernehmen\u00a0Nacht- , Wochenend- und Feiertagsdienste. Dar\u00fcber hinaus freuen wir uns \u00fcber Ihre Unterst\u00fctzung in\u00a0Tagschichten sowie im OP-Bereich. So lernen Sie nicht nur die unterschiedlichen Abl\u00e4ufe in einer modernen Pferdeklinik kennen, sondern entwickeln auch ein sicheres Gesp\u00fcr f\u00fcr Organisation, Teamarbeit und den professionellen Umgang mit Patienten und Besitzern.<\/p>\n<p>Was Sie mitbringen sollten:\u00a0Motivation, Interesse an der Pferdemedizin, Freude an praktischer Arbeit und die Bereitschaft, Verantwortung zu \u00fcbernehmen. Wenn Sie engagiert sind, mit anpacken m\u00f6chten und den Klinikalltag nicht nur kennenlernen, sondern\u00a0aktiv mitgestalten\u00a0wollen, dann freuen wir uns auf Ihre Bewerbung.<\/p>\n<p><strong><u>Haben Sie Interesse an einer Famulatur?<\/u><\/strong><\/p>\n<p>Dann schicken Sie Ihre Bewerbung bitte an: <a href=\"mailto:b.elmore@pferdeklinik-muenchen.de\">b.elmore@pferdeklinik-muenchen.de<\/a><\/p>\n<p>Selbstverst\u00e4ndlich bieten wir Tiermedizinstudentinnen und Tiermedizinstudenten auch das\u00a0kleine und gro\u00dfe klinische Praktikum sowie Sch\u00fclerpraktika\u00a0an.[\/vc_column_text][\/vc_column][vc_column width=&#8220;1\/2&#8243;][vc_single_image image=&#8220;23965&#8243;][\/vc_column][\/vc_row]<\/p>\n","protected":false},"excerpt":{"rendered":"<p>[vc_row][vc_column width=&#8220;1\/2&#8243;][vc_column_text]\u201eAm meisten lernt man direkt am Tier\u201c\u00a0\u2013 diesen Satz hat vermutlich jeder von uns schon im Studium geh\u00f6rt. Und genau darin liegt so viel Wahrheit: Theorie ist wichtig, aber echte Erfahrung entsteht vor allem dort, wo man aktiv mitarbeitet, beobachtet, mitdenkt und Verantwortung \u00fcbernimmt. Warum also nicht schon w\u00e4hrend des Studiums als FamulantIn\u00a0wertvolle praktische Erfahrung in einer Klinik sammeln\u00a0\u2013<\/p>\n<div class=\"h10\"><\/div>\n<p><a class=\"more-link1\" href=\"https:\/\/www.pferdeklinik-muenchen.de\/anfrage-zeitraum\/famulanten-praktikanten-m-w-d\/\">mehr erfahren<\/a><\/p>\n","protected":false},"author":3,"featured_media":0,"parent":0,"menu_order":0,"comment_status":"closed","ping_status":"closed","template":"","meta":{"footnotes":""},"class_list":["post-24519","page","type-page","status-publish","hentry"],"_links":{"self":[{"href":"https:\/\/www.pferdeklinik-muenchen.de\/anfrage-zeitraum\/wp-json\/wp\/v2\/pages\/24519","targetHints":{"allow":["GET"]}}],"collection":[{"href":"https:\/\/www.pferdeklinik-muenchen.de\/anfrage-zeitraum\/wp-json\/wp\/v2\/pages"}],"about":[{"href":"https:\/\/www.pferdeklinik-muenchen.de\/anfrage-zeitraum\/wp-json\/wp\/v2\/types\/page"}],"author":[{"embeddable":true,"href":"https:\/\/www.pferdeklinik-muenchen.de\/anfrage-zeitraum\/wp-json\/wp\/v2\/users\/3"}],"replies":[{"embeddable":true,"href":"https:\/\/www.pferdeklinik-muenchen.de\/anfrage-zeitraum\/wp-json\/wp\/v2\/comments?post=24519"}],"version-history":[{"count":19,"href":"https:\/\/www.pferdeklinik-muenchen.de\/anfrage-zeitraum\/wp-json\/wp\/v2\/pages\/24519\/revisions"}],"predecessor-version":[{"id":25085,"href":"https:\/\/www.pferdeklinik-muenchen.de\/anfrage-zeitraum\/wp-json\/wp\/v2\/pages\/24519\/revisions\/25085"}],"wp:attachment":[{"href":"https:\/\/www.pferdeklinik-muenchen.de\/anfrage-zeitraum\/wp-json\/wp\/v2\/media?parent=24519"}],"curies":[{"name":"wp","href":"https:\/\/api.w.org\/{rel}","templated":true}]}}